{"id":37,"date":"2016-09-09T15:39:43","date_gmt":"2016-09-09T14:39:43","guid":{"rendered":"http:\/\/anantayoga.fr\/?page_id=37"},"modified":"2022-03-30T09:45:00","modified_gmt":"2022-03-30T07:45:00","slug":"contact","status":"publish","type":"page","link":"https:\/\/anantayoga.fr\/index.php\/contact\/","title":{"rendered":"contact"},"content":{"rendered":"\n<p class=\"wp-block-paragraph\">Pour me contacter, merci de m&rsquo;\u00e9crire directement \u00e0 l&rsquo;adresse: emiliana@anantayoga.fr en y indiquant votre Nom, Pr\u00e9nom, num\u00e9ro de t\u00e9l\u00e9phone et votre question.<\/p>\n\n\n\n<p class=\"wp-block-paragraph\">Vous pouvez \u00e9galement vous inscrire \u00e0 la newsletter (vous recevrez environ un message par mois) ci-dessous:<\/p>\n\n\n<p><!-- Begin Mailchimp Signup Form -->\n<link href=\"\/\/cdn-images.mailchimp.com\/embedcode\/classic-10_7.css\" rel=\"stylesheet\" type=\"text\/css\">\n<style type=\"text\/css\">\n\t#mc_embed_signup{background:#fff; clear:left; font:14px Helvetica,Arial,sans-serif; }\n\t\/* Add your own Mailchimp form style overrides in your site stylesheet or in this style block.\n\t   We recommend moving this block and the preceding CSS link to the HEAD of your HTML file. *\/\n<\/style>\n<style type=\"text\/css\">\n\t#mc-embedded-subscribe-form input[type=checkbox]{display: inline; width: auto;margin-right: 10px;}\n\t#mergeRow-gdpr {margin-top: 20px;}\n\t#mergeRow-gdpr fieldset label {font-weight: normal;}\n\t#mc-embedded-subscribe-form .mc_fieldset{border:none;min-height: 0px;padding-bottom:0px;}\n<\/style>\n<div id=\"mc_embed_signup\">\n<form action=\"https:\/\/anantayoga.us15.list-manage.com\/subscribe\/post?u=936a8a7a67558d247380ba39c&amp;id=114759ad1d\" method=\"post\" id=\"mc-embedded-subscribe-form\" name=\"mc-embedded-subscribe-form\" class=\"validate\" target=\"_blank\" novalidate=\"\">\n<div id=\"mc_embed_signup_scroll\">\n<h2>Newsletter Ananta Yoga<\/h2>\n<div class=\"indicates-required\"><span class=\"asterisk\">*<\/span> indicates required<\/div>\n<div class=\"mc-field-group\">\n\t<label for=\"mce-EMAIL\">Adresse mail  <span class=\"asterisk\">*<\/span><br \/>\n<\/label><br \/>\n\t<input type=\"email\" value=\"\" name=\"EMAIL\" class=\"required email\" id=\"mce-EMAIL\">\n<\/div>\n<div class=\"mc-field-group\">\n\t<label for=\"mce-FNAME\">Pr\u00e9nom  <span class=\"asterisk\">*<\/span><br \/>\n<\/label><br \/>\n\t<input type=\"text\" value=\"\" name=\"FNAME\" class=\"required\" id=\"mce-FNAME\">\n<\/div>\n<div class=\"mc-field-group input-group\">\n    <strong>Infos qui vous int\u00e9ressent <\/strong><\/p>\n<ul>\n<li><input type=\"checkbox\" value=\"1\" name=\"group[12904][1]\" id=\"mce-group[12904]-12904-0\"><label for=\"mce-group[12904]-12904-0\">Cours \u00e0 Auch<\/label><\/li>\n<li><input type=\"checkbox\" value=\"2\" name=\"group[12904][2]\" id=\"mce-group[12904]-12904-1\"><label for=\"mce-group[12904]-12904-1\">Cours en ligne<\/label><\/li>\n<li><input type=\"checkbox\" value=\"4\" name=\"group[12904][4]\" id=\"mce-group[12904]-12904-2\"><label for=\"mce-group[12904]-12904-2\">Stages et retraites<\/label><\/li>\n<li><input type=\"checkbox\" value=\"8\" name=\"group[12904][8]\" id=\"mce-group[12904]-12904-3\"><label for=\"mce-group[12904]-12904-3\">Cours enfants<\/label><\/li>\n<li><input type=\"checkbox\" value=\"16\" name=\"group[12904][16]\" id=\"mce-group[12904]-12904-4\"><label for=\"mce-group[12904]-12904-4\">Cours pr\u00e9 et postnatal<\/label><\/li>\n<li><input type=\"checkbox\" value=\"32\" name=\"group[12904][32]\" id=\"mce-group[12904]-12904-5\"><label for=\"mce-group[12904]-12904-5\">Blog et ressources<\/label><\/li>\n<\/ul>\n<\/div>\n<div class=\"mc-field-group input-group\">\n    <strong>Email Format <\/strong><\/p>\n<ul>\n<li><input type=\"radio\" value=\"html\" name=\"EMAILTYPE\" id=\"mce-EMAILTYPE-0\"><label for=\"mce-EMAILTYPE-0\">html<\/label><\/li>\n<li><input type=\"radio\" value=\"text\" name=\"EMAILTYPE\" id=\"mce-EMAILTYPE-1\"><label for=\"mce-EMAILTYPE-1\">text<\/label><\/li>\n<\/ul>\n<\/div>\n<div id=\"mergeRow-gdpr\" class=\"mergeRow gdpr-mergeRow content__gdprBlock mc-field-group\">\n<div class=\"content__gdpr\">\n        <label>Autorisations GDPR<\/label><\/p>\n<p>Merci de confirmer comment vous souhaitez \u00eatre contact\u00e9.e<\/p>\n<fieldset class=\"mc_fieldset gdprRequired mc-field-group\" name=\"interestgroup_field\">\n\t\t<label class=\"checkbox subfield\" for=\"gdpr_20475\"><input type=\"checkbox\" id=\"gdpr_20475\" name=\"gdpr[20475]\" value=\"Y\" class=\"av-checkbox gdpr\"><span>Email<\/span> <\/label><br \/>\n        <\/fieldset>\n<p>Vous pouvez vous d\u00e9sinscrire \u00e0 tout moment via le lien en bas des Newsletter.<br \/>\nPour plus d&rsquo;informations sur la politique de confidentialit\u00e9, vous pouvez visiter le site internet.<\/p>\n<\/p><\/div>\n<div class=\"content__gdprLegal\">\n<p>We use Mailchimp as our marketing platform. By clicking below to subscribe, you acknowledge that your information will be transferred to Mailchimp for processing. <a href=\"https:\/\/mailchimp.com\/legal\/\" target=\"_blank\" rel=\"noopener noreferrer\">Learn more about Mailchimp&rsquo;s privacy practices here.<\/a><\/p>\n<\/p><\/div>\n<\/div>\n<div id=\"mce-responses\" class=\"clear\">\n<div class=\"response\" id=\"mce-error-response\" style=\"display:none\"><\/div>\n<div class=\"response\" id=\"mce-success-response\" style=\"display:none\"><\/div>\n<\/p><\/div>\n<p>    <!-- real people should not fill this in and expect good things - do not remove this or risk form bot signups--><\/p>\n<div style=\"position: absolute; left: -5000px;\" aria-hidden=\"true\"><input type=\"text\" name=\"b_936a8a7a67558d247380ba39c_114759ad1d\" tabindex=\"-1\" value=\"\"><\/div>\n<div class=\"clear\"><input type=\"submit\" value=\"Subscribe\" name=\"subscribe\" id=\"mc-embedded-subscribe\" class=\"button\"><\/div>\n<\/p><\/div>\n<\/form>\n<\/div>\n<p><script type=\"text\/javascript\" src=\"\/\/s3.amazonaws.com\/downloads.mailchimp.com\/js\/mc-validate.js\"><\/script><script type=\"text\/javascript\">(function($) {window.fnames = new Array(); window.ftypes = new Array();fnames[0]='EMAIL';ftypes[0]='email';fnames[1]='FNAME';ftypes[1]='text'; \/*\n * Translated default messages for the $ validation plugin.\n * Locale: FR\n *\/\n$.extend($.validator.messages, {\n        required: \"Ce champ est requis.\",\n        remote: \"Veuillez remplir ce champ pour continuer.\",\n        email: \"Veuillez entrer une adresse email valide.\",\n        url: \"Veuillez entrer une URL valide.\",\n        date: \"Veuillez entrer une date valide.\",\n        dateISO: \"Veuillez entrer une date valide (ISO).\",\n        number: \"Veuillez entrer un nombre valide.\",\n        digits: \"Veuillez entrer (seulement) une valeur num\u00e9rique.\",\n        creditcard: \"Veuillez entrer un num\u00e9ro de carte de cr\u00e9dit valide.\",\n        equalTo: \"Veuillez entrer une nouvelle fois la m\u00eame valeur.\",\n        accept: \"Veuillez entrer une valeur avec une extension valide.\",\n        maxlength: $.validator.format(\"Veuillez ne pas entrer plus de {0} caract\u00e8res.\"),\n        minlength: $.validator.format(\"Veuillez entrer au moins {0} caract\u00e8res.\"),\n        rangelength: $.validator.format(\"Veuillez entrer entre {0} et {1} caract\u00e8res.\"),\n        range: $.validator.format(\"Veuillez entrer une valeur entre {0} et {1}.\"),\n        max: $.validator.format(\"Veuillez entrer une valeur inf\u00e9rieure ou \u00e9gale \u00e0 {0}.\"),\n        min: $.validator.format(\"Veuillez entrer une valeur sup\u00e9rieure ou \u00e9gale \u00e0 {0}.\")\n});}(jQuery));var $mcj = jQuery.noConflict(true);<\/script><br \/>\n<!--End mc_embed_signup--><\/p>\n","protected":false},"excerpt":{"rendered":"<p>Pour me contacter, merci de m&rsquo;\u00e9crire directement \u00e0 l&rsquo;adresse: emiliana@anantayoga.fr en y indiquant votre Nom, Pr\u00e9nom, num\u00e9ro de t\u00e9l\u00e9phone et votre question. Vous pouvez \u00e9galement vous inscrire \u00e0 la newsletter (vous recevrez environ un message par mois) ci-dessous:<\/p>\n","protected":false},"author":1,"featured_media":0,"parent":0,"menu_order":4,"comment_status":"closed","ping_status":"closed","template":"","meta":{"_crdt_document":"","footnotes":""},"class_list":["post-37","page","type-page","status-publish","hentry"],"_links":{"self":[{"href":"https:\/\/anantayoga.fr\/index.php\/wp-json\/wp\/v2\/pages\/37","targetHints":{"allow":["GET"]}}],"collection":[{"href":"https:\/\/anantayoga.fr\/index.php\/wp-json\/wp\/v2\/pages"}],"about":[{"href":"https:\/\/anantayoga.fr\/index.php\/wp-json\/wp\/v2\/types\/page"}],"author":[{"embeddable":true,"href":"https:\/\/anantayoga.fr\/index.php\/wp-json\/wp\/v2\/users\/1"}],"replies":[{"embeddable":true,"href":"https:\/\/anantayoga.fr\/index.php\/wp-json\/wp\/v2\/comments?post=37"}],"version-history":[{"count":22,"href":"https:\/\/anantayoga.fr\/index.php\/wp-json\/wp\/v2\/pages\/37\/revisions"}],"predecessor-version":[{"id":2711,"href":"https:\/\/anantayoga.fr\/index.php\/wp-json\/wp\/v2\/pages\/37\/revisions\/2711"}],"wp:attachment":[{"href":"https:\/\/anantayoga.fr\/index.php\/wp-json\/wp\/v2\/media?parent=37"}],"curies":[{"name":"wp","href":"https:\/\/api.w.org\/{rel}","templated":true}]}}