{"id":32,"date":"2016-09-09T15:31:41","date_gmt":"2016-09-09T14:31:41","guid":{"rendered":"http:\/\/anantayoga.fr\/?page_id=32"},"modified":"2025-06-28T15:33:27","modified_gmt":"2025-06-28T13:33:27","slug":"tarifs","status":"publish","type":"page","link":"https:\/\/anantayoga.fr\/index.php\/les-cours\/tarifs\/","title":{"rendered":"tarifs"},"content":{"rendered":"\n<h3 class=\"wp-block-heading\" id=\"rentree-2021-2022\">Rentr\u00e9e 2025\/2026<\/h3>\n\n\n\n<p class=\"wp-block-paragraph\">Pour les cours exclusivement en ligne, <a href=\"https:\/\/anantayoga.fr\/index.php\/online\/les-cours-en-ligne\/\">l&rsquo;offre et les tarifs sont disponibles dans l&rsquo;onglet d\u00e9di\u00e9<\/a>.<\/p>\n\n\n\n<p class=\"wp-block-paragraph\">Pour la rentr\u00e9e 2025\/2026 l\u2019ann\u00e9e va du 8 septembre 2025 au 3 juillet 2026 inclus.<br>Les trimestres se divisent comme suit : Premier trimestre : du 8 septembre au 19 d\u00e9cembre 2025 \/ Second trimestre : du 5 janvier au 27 mars 2026 \/ Troisi\u00e8me trimestre : du 30 mars au 03 juillet 2026. <br><br>Pendant les vacances scolaires de la Toussaint, d&rsquo;Hiver et de Printemps, les cours seront assur\u00e9s une semaine sur deux. Les \u00e9l\u00e8ves seront notifi\u00e9s par mail, sms et affichage sur la semaine qui sera maintenue avec 1 mois d\u2019avance. Sont assur\u00e9es donc 38 semaines de cours.<br><br>Pas de cours aux vacances de No\u00ebl, jours f\u00e9ri\u00e9s et au Pont de l\u2019Ascension.<br>Je me garde la possibilit\u00e9 de faire une formation pendant l&rsquo;ann\u00e9e, qui pourrait entra\u00eener l&rsquo;annulation de certains cours, je ferai mon maximum pour proposer un remplacement.<\/p>\n\n\n\n<p class=\"wp-block-paragraph\"><strong>ABONNEMENT<\/strong> <strong>A L\u2019ANN\u00c9E :<\/strong><\/p>\n\n\n\n<ul class=\"wp-block-list\">\n<li>OPTION ANN\u00c9E 1 cours\/semaine &#8211; 360 \u20ac<br>Cette option vous permet de vous inscrire \u00e0 l&rsquo;ann\u00e9e, assurant votre place \u00e0 1 cours collectif par semaine.<\/li>\n\n\n\n<li>OPTION ANN\u00c9E 2 cours\/semaine &#8211; 525 \u20ac<br>Cette option vous permet de vous inscrire \u00e0 l&rsquo;ann\u00e9e, assurant votre place \u00e0 2 cours collectif par semaine.<\/li>\n\n\n\n<li>OPTION ANN\u00c9E+ONLINE 1 cours\/semaine + replay &#8211; 410 \u20ac<br>Cette option vous permet de vous inscrire \u00e0 l&rsquo;ann\u00e9e, assurant votre place \u00e0 1 cours collectif par semaine plus acc\u00e8s au replay de la semaine.<\/li>\n\n\n\n<li>OPTION ANN\u00c9E+ONLINE 2 cours\/semaine + replay &#8211; 570 \u20ac<br>Cette option vous permet de vous inscrire \u00e0 l&rsquo;ann\u00e9e, assurant votre place \u00e0 2 cours collectif par semaine plus acc\u00e8s au replay de la semaine.<\/li>\n<\/ul>\n\n\n\n<p class=\"wp-block-paragraph\">Vous pouvez r\u00e9gler votre abonnement annuel en une fois, ou en 3 fois, en fournissant 3 ch\u00e8ques en d\u00e9but d&rsquo;ann\u00e9e.<br>Tarif famille -30% sur le deuxi\u00e8me abonnement, valable uniquement sur l&rsquo;abonnement annuel. S&rsquo;applique sur : partenaire &#8211; ascendant\u00b7e direct\u00b7e &#8211; descendant\u00b7e direct\u00b7e.<\/p>\n\n\n\n<p class=\"wp-block-paragraph\"><strong>ABONNEMENT<\/strong> <strong>AU TRIMESTRE :<\/strong><\/p>\n\n\n\n<ul class=\"wp-block-list\">\n<li>OPTION TRIMESTRE 1 cours\/semaine &#8211; 130 \u20ac<\/li>\n\n\n\n<li>OPTION TRIMESTRE 2 cours\/semaine &#8211; 185 \u20ac<\/li>\n\n\n\n<li>OPTION TRIMESTRE+ONLINE 1 cours\/semaine &#8211; 150 \u20ac<\/li>\n\n\n\n<li>OPTION TRIMESTRE+ONLINE 2 cours\/semaine &#8211; 200 \u20ac<\/li>\n<\/ul>\n\n\n\n<p class=\"wp-block-paragraph\"><strong>A LA CARTE :<\/strong><\/p>\n\n\n\n<ul class=\"wp-block-list\">\n<li>OPTION S\u00c9CURIT\u00c9 \/ Carte de 10 cours &#8211; 125 \u20ac<br>Cette option vous permet de vous inscrire aux cours collectifs quand vous le souhaitez, maximum deux fois par semaine.<br>Carte valable six (6) mois apr\u00e8s la date d\u2019achat, hors vacances d&rsquo;\u00e9t\u00e9.<\/li>\n<\/ul>\n\n\n\n<p class=\"wp-block-paragraph\"><strong>MINIMAS SOCIAUX \/ ETUDIANT\u00b7ES :<\/strong> -20% sur pr\u00e9sentation d&rsquo;un justificatif de moins de 3 mois.<\/p>\n\n\n\n<p class=\"wp-block-paragraph\"><strong>YOGA PRE-POSTNANTAL<\/strong> <br>Carte de 10 cours &#8211; 125 \u20ac<br>1 cours \u00e9gal 1 cours collectif de yoga pr\u00e9natal \/ 2 cours pour un atelier collectif de yoga postnatal.<br>Carte valable un an apr\u00e8s la date d&rsquo;achat.<br>Ou 15 \u20ac le cours pr\u00e9natal et 25 \u20ac l&rsquo;atelier postnatal d&rsquo;une heure trente.<\/p>\n\n\n\n<p class=\"wp-block-paragraph\">Un cours qui a \u00e9t\u00e9 r\u00e9serv\u00e9 et non annul\u00e9 au moins 3h en avance est d\u00fb.<\/p>\n\n\n\n<p class=\"wp-block-paragraph\"><strong>EXCLU EN LIGNE<\/strong><\/p>\n\n\n\n<ul class=\"wp-block-list\">\n<li><strong>OPTION TRIMESTRE 100 \u20ac <\/strong>Cette option vous permet de recevoir tous les replays du trimestre.<\/li>\n<\/ul>\n\n\n\n<p class=\"wp-block-paragraph\"><strong>COURS A L\u2019UNIT\u00c9<\/strong><\/p>\n\n\n\n<p class=\"wp-block-paragraph\">Cours collectifs : 15 \u20ac<br><br>Individuel : 60 \u20ac pour une heure de cours dans la salle \/ 40 \u20ac pour les abonn\u00e9.es <br>tarif d\u00e9gressif si minimum 8 cours.<\/p>\n\n\n\n<p class=\"wp-block-paragraph\">Ananta Yoga se r\u00e9serve le droit de modifier ses tarifs, auquel cas ces modifications seront appliqu\u00e9es pour tout nouvel abonnement ou r\u00e9-inscription.<\/p>\n\n\n\n<hr class=\"wp-block-separator has-css-opacity\"\/>\n\n\n\n<p class=\"wp-block-paragraph\">Cours petit groupe, cours en <a href=\"http:\/\/anantayoga.fr\/index.php\/les-cours\/yoga-en-entreprise\/\">entreprise<\/a>, &nbsp;me <a href=\"http:\/\/anantayoga.fr\/index.php\/contact\/\">contacter<\/a>!<\/p>\n\n\n\n<p class=\"wp-block-paragraph\">\u0ad0<\/p>\n","protected":false},"excerpt":{"rendered":"<p>Rentr\u00e9e 2025\/2026 Pour les cours exclusivement en ligne, l&rsquo;offre et les tarifs sont disponibles dans l&rsquo;onglet d\u00e9di\u00e9. Pour la rentr\u00e9e 2025\/2026 l\u2019ann\u00e9e va du 8 septembre 2025 au 3 juillet 2026 inclus.Les trimestres se divisent comme suit : Premier trimestre : du 8 septembre au 19 d\u00e9cembre 2025 \/ Second trimestre : du 5 janvier [&hellip;]<\/p>\n","protected":false},"author":1,"featured_media":0,"parent":26,"menu_order":5,"comment_status":"closed","ping_status":"closed","template":"","meta":{"_crdt_document":"","footnotes":""},"class_list":["post-32","page","type-page","status-publish","hentry"],"_links":{"self":[{"href":"https:\/\/anantayoga.fr\/index.php\/wp-json\/wp\/v2\/pages\/32","targetHints":{"allow":["GET"]}}],"collection":[{"href":"https:\/\/anantayoga.fr\/index.php\/wp-json\/wp\/v2\/pages"}],"about":[{"href":"https:\/\/anantayoga.fr\/index.php\/wp-json\/wp\/v2\/types\/page"}],"author":[{"embeddable":true,"href":"https:\/\/anantayoga.fr\/index.php\/wp-json\/wp\/v2\/users\/1"}],"replies":[{"embeddable":true,"href":"https:\/\/anantayoga.fr\/index.php\/wp-json\/wp\/v2\/comments?post=32"}],"version-history":[{"count":52,"href":"https:\/\/anantayoga.fr\/index.php\/wp-json\/wp\/v2\/pages\/32\/revisions"}],"predecessor-version":[{"id":3465,"href":"https:\/\/anantayoga.fr\/index.php\/wp-json\/wp\/v2\/pages\/32\/revisions\/3465"}],"up":[{"embeddable":true,"href":"https:\/\/anantayoga.fr\/index.php\/wp-json\/wp\/v2\/pages\/26"}],"wp:attachment":[{"href":"https:\/\/anantayoga.fr\/index.php\/wp-json\/wp\/v2\/media?parent=32"}],"curies":[{"name":"wp","href":"https:\/\/api.w.org\/{rel}","templated":true}]}}